{"id":504,"date":"2023-04-18T15:03:07","date_gmt":"2023-04-18T13:03:07","guid":{"rendered":"http:\/\/75.119.146.20\/?page_id=504"},"modified":"2023-06-16T08:41:45","modified_gmt":"2023-06-16T06:41:45","slug":"verguetung","status":"publish","type":"page","link":"https:\/\/bmm-rentenberatung.de\/index.php\/verguetung\/","title":{"rendered":"Verg\u00fctung"},"content":{"rendered":"\t\t<div data-elementor-type=\"wp-page\" data-elementor-id=\"504\" class=\"elementor elementor-504\" data-elementor-post-type=\"page\">\n\t\t\t\t<div class=\"elementor-element elementor-element-c2bd6cb start e-flex e-con-boxed e-con e-parent\" data-id=\"c2bd6cb\" data-element_type=\"container\" data-e-type=\"container\" id=\"start\" data-settings=\"{&quot;jet_parallax_layout_list&quot;:[{&quot;_id&quot;:&quot;c6a9dc6&quot;,&quot;jet_parallax_layout_image&quot;:{&quot;url&quot;:&quot;&quot;,&quot;id&quot;:&quot;&quot;,&quot;size&quot;:&quot;&quot;},&quot;jet_parallax_layout_image_tablet&quot;:{&quot;url&quot;:&quot;&quot;,&quot;id&quot;:&quot;&quot;,&quot;size&quot;:&quot;&quot;},&quot;jet_parallax_layout_image_mobile&quot;:{&quot;url&quot;:&quot;&quot;,&quot;id&quot;:&quot;&quot;,&quot;size&quot;:&quot;&quot;},&quot;jet_parallax_layout_speed&quot;:{&quot;unit&quot;:&quot;%&quot;,&quot;size&quot;:50,&quot;sizes&quot;:[]},&quot;jet_parallax_layout_type&quot;:&quot;scroll&quot;,&quot;jet_parallax_layout_direction&quot;:&quot;1&quot;,&quot;jet_parallax_layout_fx_direction&quot;:null,&quot;jet_parallax_layout_z_index&quot;:&quot;&quot;,&quot;jet_parallax_layout_bg_x&quot;:50,&quot;jet_parallax_layout_bg_x_tablet&quot;:&quot;&quot;,&quot;jet_parallax_layout_bg_x_mobile&quot;:&quot;&quot;,&quot;jet_parallax_layout_bg_y&quot;:50,&quot;jet_parallax_layout_bg_y_tablet&quot;:&quot;&quot;,&quot;jet_parallax_layout_bg_y_mobile&quot;:&quot;&quot;,&quot;jet_parallax_layout_bg_size&quot;:&quot;auto&quot;,&quot;jet_parallax_layout_bg_size_tablet&quot;:&quot;&quot;,&quot;jet_parallax_layout_bg_size_mobile&quot;:&quot;&quot;,&quot;jet_parallax_layout_animation_prop&quot;:&quot;transform&quot;,&quot;jet_parallax_layout_on&quot;:[&quot;desktop&quot;,&quot;tablet&quot;]}],&quot;background_background&quot;:&quot;classic&quot;}\">\n\t\t\t\t\t<div class=\"e-con-inner\">\n\t\t<div class=\"elementor-element elementor-element-3491d89 e-con-full e-flex e-con e-parent\" data-id=\"3491d89\" data-element_type=\"container\" data-e-type=\"container\" data-settings=\"{&quot;jet_parallax_layout_list&quot;:[]}\">\n\t\t\t\t<div class=\"elementor-element elementor-element-968de0c elementor-widget elementor-widget-jet-headline\" data-id=\"968de0c\" data-element_type=\"widget\" data-e-type=\"widget\" data-widget_type=\"jet-headline.default\">\n\t\t\t\t<div class=\"elementor-widget-container\">\n\t\t\t\t\t<span class=\"jet-headline jet-headline--direction-horizontal\"><span class=\"jet-headline__part jet-headline__first\"><span class=\"jet-headline__label\">Verg\u00fctung<\/span><\/span><span class=\"jet-headline__space\">&nbsp;<\/span><\/span>\t\t\t\t<\/div>\n\t\t\t\t<\/div>\n\t\t\t\t<div class=\"elementor-element elementor-element-148d176 elementor-widget elementor-widget-text-editor\" data-id=\"148d176\" data-element_type=\"widget\" data-e-type=\"widget\" data-widget_type=\"text-editor.default\">\n\t\t\t\t<div class=\"elementor-widget-container\">\n\t\t\t\t\t\t\t\t\t<p>F\u00fcr Rentenberater gelten die Geb\u00fchrenvorschriften des Rechtsanwaltsverg\u00fctungsgesetzes (RVG).<\/p>\t\t\t\t\t\t\t\t<\/div>\n\t\t\t\t<\/div>\n\t\t\t\t<div class=\"elementor-element elementor-element-3b5e71c elementor-widget elementor-widget-html\" data-id=\"3b5e71c\" data-element_type=\"widget\" data-e-type=\"widget\" data-widget_type=\"html.default\">\n\t\t\t\t<div class=\"elementor-widget-container\">\n\t\t\t\t\t<script>\nfunction hasClass(element, className) {\n    return (' ' + element.className + ' ').indexOf(' ' + className+ ' ') > -1\n}\nfunction setCookie(cname, cvalue, exdays) {\n  var d = new Date()\n  d.setTime( d.getTime() + ( exdays * 24*60*60*1000) )\n  let expires = 'expires=' + d.toUTCString()\n  document.cookie = cname + '=' + cvalue + ';' + expires + ';path=\/'\n}\nfunction getCookie(cname) {\n  var name = cname + '=',\n    decodedCookie = decodeURIComponent(document.cookie),\n    ca = decodedCookie.split(';')\n    \n  for(let i = 0; i <ca.length; i++) {\n    var c = ca[i]\n    while (c.charAt(0) == ' ') {\n      c = c.substring(1)\n    }\n    if (c.indexOf(name) == 0) {\n      return c.substring(name.length, c.length)\n    }\n  }\n  return ''\n}\ndocument.addEventListener(\"DOMContentLoaded\", function(){\nif( getCookie('dark') == 'yes' ) {\n    document.querySelector('body').classList.add('dark')    \n}\ndocument.querySelector('.dark-toggle').addEventListener('click', function(){\n    \n    document.querySelector('body').classList.toggle('dark')\n    \n    if( hasClass(document.querySelector('body'), 'dark') ) {\n        setCookie('dark', 'yes', 30)\n    } else {\n        setCookie('dark', 'no', 30)\n    }\n})\n})\n<\/script>\t\t\t\t<\/div>\n\t\t\t\t<\/div>\n\t\t\t\t<\/div>\n\t\t<div class=\"elementor-element elementor-element-663f96f dark-toggle e-flex e-con-boxed e-con e-parent\" data-id=\"663f96f\" data-element_type=\"container\" data-e-type=\"container\" data-settings=\"{&quot;jet_parallax_layout_list&quot;:[]}\">\n\t\t\t\t\t<div class=\"e-con-inner\">\n\t\t\t\t<div class=\"elementor-element elementor-element-bebe037 elementor-widget-divider--view-line elementor-widget elementor-widget-divider\" data-id=\"bebe037\" data-element_type=\"widget\" data-e-type=\"widget\" data-widget_type=\"divider.default\">\n\t\t\t\t<div class=\"elementor-widget-container\">\n\t\t\t\t\t\t\t<div class=\"elementor-divider\">\n\t\t\t<span class=\"elementor-divider-separator\">\n\t\t\t\t\t\t<\/span>\n\t\t<\/div>\n\t\t\t\t\t\t<\/div>\n\t\t\t\t<\/div>\n\t\t\t\t<div class=\"elementor-element elementor-element-55a0d31 elementor-widget__width-initial elementor-absolute elementor-view-default elementor-widget elementor-widget-icon\" data-id=\"55a0d31\" data-element_type=\"widget\" data-e-type=\"widget\" data-settings=\"{&quot;_position&quot;:&quot;absolute&quot;}\" data-widget_type=\"icon.default\">\n\t\t\t\t<div class=\"elementor-widget-container\">\n\t\t\t\t\t\t\t<div class=\"elementor-icon-wrapper\">\n\t\t\t<div class=\"elementor-icon\">\n\t\t\t<i aria-hidden=\"true\" class=\"far fa-moon\"><\/i>\t\t\t<\/div>\n\t\t<\/div>\n\t\t\t\t\t\t<\/div>\n\t\t\t\t<\/div>\n\t\t\t\t\t<\/div>\n\t\t\t\t<\/div>\n\t\t\t\t\t<\/div>\n\t\t\t\t<\/div>\n\t\t<div class=\"elementor-element elementor-element-188de5d e-flex e-con-boxed elementor-invisible e-con e-parent\" data-id=\"188de5d\" data-element_type=\"container\" data-e-type=\"container\" data-settings=\"{&quot;jet_parallax_layout_list&quot;:[{&quot;_id&quot;:&quot;14f4d4a&quot;,&quot;jet_parallax_layout_image&quot;:{&quot;url&quot;:&quot;&quot;,&quot;id&quot;:&quot;&quot;,&quot;size&quot;:&quot;&quot;},&quot;jet_parallax_layout_image_tablet&quot;:{&quot;url&quot;:&quot;&quot;,&quot;id&quot;:&quot;&quot;,&quot;size&quot;:&quot;&quot;},&quot;jet_parallax_layout_image_mobile&quot;:{&quot;url&quot;:&quot;&quot;,&quot;id&quot;:&quot;&quot;,&quot;size&quot;:&quot;&quot;},&quot;jet_parallax_layout_speed&quot;:{&quot;unit&quot;:&quot;%&quot;,&quot;size&quot;:50,&quot;sizes&quot;:[]},&quot;jet_parallax_layout_type&quot;:&quot;scroll&quot;,&quot;jet_parallax_layout_direction&quot;:&quot;1&quot;,&quot;jet_parallax_layout_fx_direction&quot;:null,&quot;jet_parallax_layout_z_index&quot;:&quot;&quot;,&quot;jet_parallax_layout_bg_x&quot;:50,&quot;jet_parallax_layout_bg_x_tablet&quot;:&quot;&quot;,&quot;jet_parallax_layout_bg_x_mobile&quot;:&quot;&quot;,&quot;jet_parallax_layout_bg_y&quot;:50,&quot;jet_parallax_layout_bg_y_tablet&quot;:&quot;&quot;,&quot;jet_parallax_layout_bg_y_mobile&quot;:&quot;&quot;,&quot;jet_parallax_layout_bg_size&quot;:&quot;auto&quot;,&quot;jet_parallax_layout_bg_size_tablet&quot;:&quot;&quot;,&quot;jet_parallax_layout_bg_size_mobile&quot;:&quot;&quot;,&quot;jet_parallax_layout_animation_prop&quot;:&quot;transform&quot;,&quot;jet_parallax_layout_on&quot;:[&quot;desktop&quot;,&quot;tablet&quot;]}],&quot;animation&quot;:&quot;fadeIn&quot;,&quot;animation_delay&quot;:300}\">\n\t\t\t\t\t<div class=\"e-con-inner\">\n\t\t<div class=\"elementor-element elementor-element-9f99c8d e-con-full e-flex e-con e-parent\" data-id=\"9f99c8d\" data-element_type=\"container\" data-e-type=\"container\" data-settings=\"{&quot;jet_parallax_layout_list&quot;:[{&quot;_id&quot;:&quot;2e6546a&quot;,&quot;jet_parallax_layout_image&quot;:{&quot;url&quot;:&quot;&quot;,&quot;id&quot;:&quot;&quot;,&quot;size&quot;:&quot;&quot;},&quot;jet_parallax_layout_image_tablet&quot;:{&quot;url&quot;:&quot;&quot;,&quot;id&quot;:&quot;&quot;,&quot;size&quot;:&quot;&quot;},&quot;jet_parallax_layout_image_mobile&quot;:{&quot;url&quot;:&quot;&quot;,&quot;id&quot;:&quot;&quot;,&quot;size&quot;:&quot;&quot;},&quot;jet_parallax_layout_speed&quot;:{&quot;unit&quot;:&quot;%&quot;,&quot;size&quot;:50,&quot;sizes&quot;:[]},&quot;jet_parallax_layout_type&quot;:&quot;scroll&quot;,&quot;jet_parallax_layout_direction&quot;:&quot;1&quot;,&quot;jet_parallax_layout_fx_direction&quot;:null,&quot;jet_parallax_layout_z_index&quot;:&quot;&quot;,&quot;jet_parallax_layout_bg_x&quot;:50,&quot;jet_parallax_layout_bg_x_tablet&quot;:&quot;&quot;,&quot;jet_parallax_layout_bg_x_mobile&quot;:&quot;&quot;,&quot;jet_parallax_layout_bg_y&quot;:50,&quot;jet_parallax_layout_bg_y_tablet&quot;:&quot;&quot;,&quot;jet_parallax_layout_bg_y_mobile&quot;:&quot;&quot;,&quot;jet_parallax_layout_bg_size&quot;:&quot;auto&quot;,&quot;jet_parallax_layout_bg_size_tablet&quot;:&quot;&quot;,&quot;jet_parallax_layout_bg_size_mobile&quot;:&quot;&quot;,&quot;jet_parallax_layout_animation_prop&quot;:&quot;transform&quot;,&quot;jet_parallax_layout_on&quot;:[&quot;desktop&quot;,&quot;tablet&quot;]}]}\">\n\t\t<div class=\"elementor-element elementor-element-30261a2 e-con-full e-flex e-con e-parent\" data-id=\"30261a2\" data-element_type=\"container\" data-e-type=\"container\" data-settings=\"{&quot;jet_parallax_layout_list&quot;:[]}\">\n\t\t\t\t<div class=\"elementor-element elementor-element-eee1e48 elementor-widget elementor-widget-jet-services\" data-id=\"eee1e48\" data-element_type=\"widget\" data-e-type=\"widget\" data-widget_type=\"jet-services.default\">\n\t\t\t\t<div class=\"elementor-widget-container\">\n\t\t\t\t\t<div class=\"elementor-jet-services jet-elements\"><div class=\"jet-services jet-services--header-position-top\">\n\t<div class=\"jet-services__inner\">\n\t\t\t\t<div class=\"jet-services__header\">\n\t\t\t<div class=\"jet-services__cover\"><\/div>\n\t\t<\/div>\n\t\t<div class=\"jet-services__content\"><div class=\"jet-services__icon\"><div class=\"inner\"><span class=\"jet-elements-icon\"><i aria-hidden=\"true\" class=\"fas fa-money-check\"><\/i><\/span><\/div><\/div><h3 class=\"jet-services__title\"><span class=\"jet-services__title-text\">Unsere Verg\u00fctung<\/span><\/h3><p class=\"jet-services__desc\">Zur berufsm\u00e4\u00dfigen Beratung in Sozialrechtsangelegenheiten sind neben Rechtsanw\u00e4lten nur Rentenberater berechtigt. Dabei gelten f\u00fcr Rentenberater genauso wie f\u00fcr Rechtsanw\u00e4lte die Geb\u00fchrenvorschriften des Rechtsanwaltsverg\u00fctungsgesetzes (RVG). Die Kosten einer Beratung (z.B. Rentenberatung) h\u00e4ngen im Wesentlichen von dem zu behandelnden\u00a0Sachverhalt\u00a0\nund dem damiteinhergehenden\u00a0\nAufwand\u00a0ab. \u00dcblicherweise werden Sie als Kunde bereits\u00a0vor Annahme des Mandats\u00a0dar\u00fcber aufgekl\u00e4rt, mit welchen Kosten Sie zu rechnen haben.<\/p><\/div>\n\t\t\t<\/div>\n<\/div>\n<\/div>\t\t\t\t<\/div>\n\t\t\t\t<\/div>\n\t\t\t\t<\/div>\n\t\t<div class=\"elementor-element elementor-element-7607cd5 e-con-full e-flex e-con e-parent\" data-id=\"7607cd5\" data-element_type=\"container\" data-e-type=\"container\" data-settings=\"{&quot;jet_parallax_layout_list&quot;:[]}\">\n\t\t\t\t<div class=\"elementor-element elementor-element-a5108e7 elementor-widget elementor-widget-jet-services\" data-id=\"a5108e7\" data-element_type=\"widget\" data-e-type=\"widget\" data-widget_type=\"jet-services.default\">\n\t\t\t\t<div class=\"elementor-widget-container\">\n\t\t\t\t\t<div class=\"elementor-jet-services jet-elements\"><div class=\"jet-services jet-services--header-position-top\">\n\t<div class=\"jet-services__inner\">\n\t\t\t\t<div class=\"jet-services__header\">\n\t\t\t<div class=\"jet-services__cover\"><\/div>\n\t\t<\/div>\n\t\t<div class=\"jet-services__content\"><div class=\"jet-services__icon\"><div class=\"inner\"><span class=\"jet-elements-icon\"><i aria-hidden=\"true\" class=\"fas fa-people-arrows\"><\/i><\/span><\/div><\/div><h3 class=\"jet-services__title\"><span class=\"jet-services__title-text\">Kostenerstattung durch Dritte<\/span><\/h3><p class=\"jet-services__desc\">Kosten der Rechtsberatung oder Prozessvertretung durch Rentenberater k\u00f6nnen unter Umst\u00e4nden von Ihrer Rechtsschutzversicherung erstattet werden. Ob und in welcher H\u00f6he eine Erstattung stattfindet, h\u00e4ngt von Ihrer Versicherungspolice ab.\nEine Deckungsanfrage an Ihre Rechtsschutzversicherung wird hier Klarheit bringen.<\/p><\/div>\n\t\t\t<\/div>\n<\/div>\n<\/div>\t\t\t\t<\/div>\n\t\t\t\t<\/div>\n\t\t\t\t<\/div>\n\t\t<div class=\"elementor-element elementor-element-d1346e0 e-con-full e-flex e-con e-parent\" data-id=\"d1346e0\" data-element_type=\"container\" data-e-type=\"container\" data-settings=\"{&quot;jet_parallax_layout_list&quot;:[]}\">\n\t\t\t\t<div class=\"elementor-element elementor-element-2c842eb elementor-widget elementor-widget-jet-services\" data-id=\"2c842eb\" data-element_type=\"widget\" data-e-type=\"widget\" data-widget_type=\"jet-services.default\">\n\t\t\t\t<div class=\"elementor-widget-container\">\n\t\t\t\t\t<div class=\"elementor-jet-services jet-elements\"><div class=\"jet-services jet-services--header-position-top\">\n\t<div class=\"jet-services__inner\">\n\t\t\t\t<div class=\"jet-services__header\">\n\t\t\t<div class=\"jet-services__cover\"><\/div>\n\t\t<\/div>\n\t\t<div class=\"jet-services__content\"><div class=\"jet-services__icon\"><div class=\"inner\"><span class=\"jet-elements-icon\"><i aria-hidden=\"true\" class=\"fas fa-balance-scale\"><\/i><\/span><\/div><\/div><h3 class=\"jet-services__title\"><span class=\"jet-services__title-text\">Steuerliche Anerkennung<\/span><\/h3><p class=\"jet-services__desc\">Nach Ma\u00dfgabe des BMF-Schreibens vom 20.11.1997 (IV B5-S.2255-356\/97 im BStBl. I 1998 S.126) k\u00f6nnen Beratungs- und Prozesskosten im Zusammenhang mit Rentenanspr\u00fcchen bei der Einkommensteuererkl\u00e4rung als Werbungskosten geltend gemacht werden.\nDas Bundesministerium der Finanzen hat unter Nr. 802 seiner Positivliste vom 21.03.2014 best\u00e4tigt, dass dieser Erlass weiterhin g\u00fcltig und zu ber\u00fccksichtigen ist.<\/p><\/div>\n\t\t\t<\/div>\n<\/div>\n<\/div>\t\t\t\t<\/div>\n\t\t\t\t<\/div>\n\t\t\t\t<\/div>\n\t\t\t\t<\/div>\n\t\t\t\t\t<\/div>\n\t\t\t\t<\/div>\n\t\t\t\t<\/div>\n\t\t","protected":false},"excerpt":{"rendered":"<p>Verg\u00fctung&nbsp; F\u00fcr Rentenberater gelten die Geb\u00fchrenvorschriften des Rechtsanwaltsverg\u00fctungsgesetzes (RVG). Unsere Verg\u00fctung Zur berufsm\u00e4\u00dfigen Beratung in Sozialrechtsangelegenheiten sind neben Rechtsanw\u00e4lten nur Rentenberater berechtigt. Dabei gelten f\u00fcr Rentenberater genauso wie f\u00fcr Rechtsanw\u00e4lte die Geb\u00fchrenvorschriften des Rechtsanwaltsverg\u00fctungsgesetzes (RVG). Die Kosten einer Beratung (z.B. Rentenberatung) h\u00e4ngen im Wesentlichen von dem zu behandelnden&nbsp;Sachverhalt und dem damiteinhergehenden Aufwand&nbsp;ab. \u00dcblicherweise werden Sie [&hellip;]<\/p>\n","protected":false},"author":2,"featured_media":0,"parent":0,"menu_order":0,"comment_status":"closed","ping_status":"closed","template":"","meta":{"footnotes":""},"class_list":["post-504","page","type-page","status-publish","hentry"],"_links":{"self":[{"href":"https:\/\/bmm-rentenberatung.de\/index.php\/wp-json\/wp\/v2\/pages\/504","targetHints":{"allow":["GET"]}}],"collection":[{"href":"https:\/\/bmm-rentenberatung.de\/index.php\/wp-json\/wp\/v2\/pages"}],"about":[{"href":"https:\/\/bmm-rentenberatung.de\/index.php\/wp-json\/wp\/v2\/types\/page"}],"author":[{"embeddable":true,"href":"https:\/\/bmm-rentenberatung.de\/index.php\/wp-json\/wp\/v2\/users\/2"}],"replies":[{"embeddable":true,"href":"https:\/\/bmm-rentenberatung.de\/index.php\/wp-json\/wp\/v2\/comments?post=504"}],"version-history":[{"count":144,"href":"https:\/\/bmm-rentenberatung.de\/index.php\/wp-json\/wp\/v2\/pages\/504\/revisions"}],"predecessor-version":[{"id":3065,"href":"https:\/\/bmm-rentenberatung.de\/index.php\/wp-json\/wp\/v2\/pages\/504\/revisions\/3065"}],"wp:attachment":[{"href":"https:\/\/bmm-rentenberatung.de\/index.php\/wp-json\/wp\/v2\/media?parent=504"}],"curies":[{"name":"wp","href":"https:\/\/api.w.org\/{rel}","templated":true}]}}